 f(p).
11
Let j = -113 - -115. Let i(g) = g**2 + 1 + 6 + 9*g**j - 14*g**3 + 15*g**3. Calculate i(-10).
7
Suppose 22*t = 30*t - 24. Let l(x) = -2*x - 8. Let h be l(-4). Let f(p) = 3*p - 2*p - 4 + h*p - 3*p. Give f(t).
-10
Let j(c) = -3*c - 2*c - 6 + 70 - 11*c + 4*c. What is j(5)?
4
Let y be (-9)/(-6)*-2 - 38*-1. Let f be 20/6*(2 + y/(-25)). Let a(j) = -2*j**2 + 2*j - 3. What is a(f)?
-7
Let j(u) = -17*u - 109. Let c be 58/(-10) + 14/(-70). Give j(c).
-7
Let x(j) be the third derivative of j**7/1260 - j**6/360 - j**5/60 - 11*j**4/24 + 5*j**3/6 + j**2 + 19. Let r(s) be the second derivative of x(s). What is r(2)?
2
Suppose 2*w - 22 = -18. Let k(f) = w - f**3 + 5*f - 5*f**2 + 5 + 2*f - 8. What is k(-6)?
-7
Let h(n) = -n**3 + 2*n**2 - 3*n + 4. Let x be (80/(-7))/((-40)/(-7) - 6). Let m be -5*(3 + (-12)/x*12). Determine h(m).
-14
Let y be (-4)/(-6) - 50/(-15). Let v(j) = -8*j + 13. Give v(y).
-19
Let f(h) = h**3 + 2*h**2 - 342*h - 1026. Let x be f(-3). Let v(d) = 5*d**3 + 9*d**2 - 5*d - 7. Let k(m) = m**3 - m. Let a(n) = 4*k(n) - v(n). Determine a(x).
-2
Let p = 1743 - 1739. Let f(r) = 2*r + 3. Let o(q) = q + 2. Let m(z) = 3*f(z) - 7*o(z). Give m(p).
-9
Let f(g) = 2*g**3 - 3*g**2 + g - 35. Suppose -27*n - 1290 = -1290. Determine f(n).
-35
Let a(k) = -11*k + 147. Let b(i) = -3*i + 75. Let r(q) = 4*a(q) - 9*b(q). What is r(-5)?
-2
Let n(x) = x**2 - x - 24. Let s be 3/12*(-80)/(-4). Determine n(s).
-4
Let d(v) = -44*v - 320 + 16*v + 45*v - 70 + 22*v. What is d(10)?
0
Let s(x) = -x**2 - 16*x + 313. Let n = -40538 + 40511. Give s(n).
16
Let w(p) = -p**3 - 2*p**2 + 3*p + 2. Suppose -3*r - 85 = -4*c - 4*r, -c + 4*r = -17. Let f(j) = -3*j. Let n be f(-6). Let z = n - c. Determine w(z).
2
Let f(p) = p - 2. Suppose -13*a = -9*a + 16, 0 = 4*o + 4*a - 104. Let q = 16 - 9. Suppose -h = -q*h - o. Determine f(h).
-7
Let p(s) = 125296*s + 4 + 11 - 125294*s - s**2. What is p(-5)?
-20
Let k(o) = -o**2 - 11*o + 17. Let c(z) = -z**3 + 16*z**2 - 34*z - 6. Let p be c(10). Suppose -p = 17*y - 33. What is k(y)?
-9
Let y(h) = h**3 + h + 6. Suppose 3*n = -2*g - 2*g - 10, 4*g = n - 18. Let b(j) = -j**2 + 2*j + 1. Let l be b(-1). Let x be (l/n - -1)/((-4)/2). Give y(x).
6
Let j(o) = o**2 + 46*o + 225. Suppose -548*d = 1575 + 1208 + 505. Calculate j(d).
-15
Let m be (-1*2)/(21*(-3)/(-126)). Let z(d) = -d**3 - 2*d**2 + 5*d - 3. What is z(m)?
9
Let j(x) = 41 + 48 - 123 - x + 40. What is j(-5)?
11
Let j(l) = -l - 6. Let s(f) = 6*f - 4*f + f + 2 - 38. Suppose 16*t + 33 = 19*t. Let c be s(t). Give j(c).
-3
Let f(s) = -2*s**3 + 3*s**2 + 3*s - 1. Let i(g) = -7*g**3 + 12*g**2 + 11*g + 3. Let a(l) = 4*f(l) - i(l). Suppose 0 = 3*j - j. Give a(j).
-7
Let z(w) be the third derivative of -5*w**4/12 + 7*w**3/6 - 1345*w**2 - 2. Determine z(8).
-73
Let x(j) = -2*j**2 - 9*j - 19. Suppose 50 = -5*c + 5*f, c + 9 = -3*f + 31. Determine x(c).
-9
Let d be -1*2 - 5/(-1). Suppose 5*p = m - 7, m + 4*p = -50 + 48. Let j(f) = f**3 + 4*f**2 + 4*f + 3*f**2 - 10*f**2 + 0*f**m. Give j(d).
12
Let g be 246/(-4)*(-304)/(-456). Let n(p) = 4*p**3 + 163*p**2 - 40*p + 48. What is n(g)?
7
Suppose 0 = -d - 0*d - 2. Let n(t) = -99*t - 96*t + 105*t + 88*t - 8*t**2 + 1. Calculate n(d).
-27
Let z(i) = -4*i**3 - 78*i**2 + 37*i - 67. Let p be z(-20). Let l(h) = 2*h + 26. What is l(p)?
12
Let i = -39 - -50. Suppose -i*n - 156 = 2*n. Let t(z) = z**2 + 11*z - 16. Determine t(n).
-4
Let s(i) = i**3 + 16*i**2 - 12*i + 29. Let r(m) = -m**3 + 8*m**2 - 31*m + 97. Let x be r(6). Calculate s(x).
-56
Let p(f) be the second derivative of 10*f - 1/6*f**3 - 23/2*f**2 - 5. What is p(-15)?
-8
Let n(i) = -10*i - 589. Let w be n(-60). Let r(a) = -9*a + 29. Determine r(w).
-70
Let g(i) = -9*i**3 + 13*i**3 - 8*i**3. Let m(t) = -2*t**2 - 6*t - 1. Let x be m(0). Determine g(x).
4
Let u(w) = 75*w + 155. Let o(z) = 69*z + 149. Let d(k) = -6*o(k) + 5*u(k). Give d(-3).
-2
Let i(p) = -4*p - 12. Suppose -812 = -102*x + 225 + 289. Calculate i(x).
-64
Let a = -32 - -25. Let w(s) be the third derivative of -s**6/120 - 2*s**5/15 - s**4/4 - s**3/6 + 41*s**2 + 1. Give w(a).
-8
Suppose 4*v - 5*q = -32, 5*v + 2*q = 759 - 799. Let h(x) = -16*x - 108. Give h(v).
20
Let s(o) be the second derivative of -o**5/20 - o**4/12 + o**3 + 3*o**2 - 883*o. What is s(-3)?
6
Let j(w) = -57*w + 115. Let p be j(-16). Let n = p + -1026. Let k(g) = 9*g**2 - 2*g. What is k(n)?
7
Let w(t) = -2*t**3 - 14*t**2 - 8. Let q(y) = 12*y + 173. Let v be q(-15). What is w(v)?
-8
Let c be (1 + -3 + 5)*1044/(-783). Let y(o) = o**3 + 2*o**2 - 3*o + 7. Give y(c).
-13
Let l(c) = -3*c + 2. Let h be 64 + -4 + 3 + 3. Let d = -64 + h. Suppose 4*b - d = 14. Calculate l(b).
-10
Let u(l) = -5*l - 62. Let d(k) = 470*k + 10327. Let a be d(-22). Calculate u(a).
3
Suppose -4*b = 3*f - 55, -b + 3*f + 8 = -2*f. Let w(m) = -11*m**3 + m**2 - 27. Let u(t) = 5*t**3 - t**2 + 13. Let d(l) = b*u(l) + 6*w(l). What is d(-7)?
7
Let w(i) be the second derivative of 12 - 1/3*i**3 - i**2 - 2*i. Calculate w(-3).
4
Let a(q) = 66*q + 732. Let z = -16187 + 16176. Determine a(z).
6
Let b(c) = c**3 - 2*c**2 - 6*c + 2. Let a(s) = -2*s**2 + 10*s + 1 - 7*s + 0*s - 2. Let h be a(1). Suppose h = 3*o + 2*o - 20. Give b(o).
10
Let t(s) = 18*s**2 + 197*s - 19. Let c be t(-11). Let d(j) = j**3 + 10*j**2 + 7*j - 14. What is d(c)?
58
Let r(w) = 83*w**2 + 2637*w - 2685*w + 10 - 81*w**2. Calculate r(24).
10
Let n(u) be the third derivative of -u**6/120 - 3*u**5/10 - u**3/3 - 2*u**2. Let a be 24/((-104)/6 - -16). What is n(a)?
-2
Let l be (-5)/(-6) - (-25)/6. Suppose l*h - 3*a + 29 = 0, 0*h - 5*h - 2*a = 39. Let x(o) = o**3 + 8*o**2 + 9*o + 6. Calculate x(h).
-8
Let i(m) be the first derivative of 7*m - 1/2*m**2 + 1/4*m**4 + 2*m**3 - 4. Let w(a) = 11*a - 182. Let o be w(16). Give i(o).
13
Let u(x) = -16 - 35*x + 7*x + 32*x. Give u(9).
20
Let q(s) = -s**3 - 7*s**2 - 12*s + 3. Let g(n) = -n**2 - 7*n - 11. Let p be g(-6). What is q(p)?
13
Let o(h) = -h**2 - 13*h - 8. Let k be (0 - -5)*7*(-7)/(-35). Suppose 4*w + k*z + 44 = 3*z, 4*z - 52 = 4*w. What is o(w)?
4
Let o = 90 + -145. Let b = 55 + o. Let d(i) = -2*i**3 + 1 - i + 3*i**3 + 11. Calculate d(b).
12
Let b(l) = -l**3 + 4*l**2 + 4*l + 7. Let z(s) = 158 + 24*s**2 + 108*s - 162*s + s**3 - 74*s**2. Let g be z(51). Determine b(g).
2
Let u(m) = -13*m + 102. Let z be (-11)/(-3) - (-138)/(-45) - (-74)/10. Determine u(z).
-2
Let j(x) = -x**2 + 3*x + 8. Let y be 7*(-60)/(-35)*(-2 - -3). Suppose 0 = y*h - 7 - 77. Calculate j(h).
-20
Suppose -20*p - 8*p = 27*p. Let k(r) be the third derivative of -r**4/24 - 5*r**3/6 + 4*r**2 + 3. Give k(p).
-5
Let d(b) = b**2 - 8*b - 9. Let v(l) = 4*l + 144. Let z be v(39). Suppose z - 220 = 10*a. Calculate d(a).
-9
Let a(r) be the third derivative of r**6/120 - r**5/20 + r**4/6 - 2*r**3/3 + 4701*r**2. Let p be 1*1*3/1. What is a(p)?
8
Let a(h) = 2*h**3 + 19*h**2 + 28*h - 68. Let g(p) = p**3 + 10*p**2 + 14*p - 41. Let w(q) = -3*a(q) + 5*g(q). Calculate w(-4).
7
Let p(b) = b**2 - 13*b - 15. Suppose -7*v - 792 + 897 = 0. Determine p(v).
15
Let i(z) = -32085 + 7*z + 49*z**3 - 48*z**3 + 32086 + 6*z**2. Suppose 0 = 3*o + 2*x + 11, -5*o + x = -3*x + 33. Give i(o).
-9
Let q(o) = o**2 + 11*o - 7. Suppose 0 = -a + 2*k + 14 - 5, 0 = 4*k + 4. Let s be (-68)/a - ((-72)/(-56) - 1). Give q(s).
-17
Let q(g) = -g**2 - g + 6. Let w = 33 - 29. Suppose 3*k - w*k = 18. Let j = -18 - k. What is q(j)?
6
Suppose -76 = 26*f - 5*f - 76. Let j(o) be the third derivative of -1/2*o**3 - 28*o**2 + 0*o + 1/24*o**4 + f. Give j(3).
0
Let g(s) = -6*s**3 + s**2 - 3*s + 2. Suppose 2*f + 8 = 3*z, 18*z = 17*z + 5*f - 6. Suppose 53*t = -5*o + 48*t + 5, -z*t + 2 = 2*o. Determine g(o).
-6
Suppose -4*f = t + 30, 0 = -t - 4*f + f - 25. Let z(u) = 3*u**2 + 28*u - 17. Let h be z(t). Let y(m) = m**3 - 3*m**2 - 2*m + 3. Determine y(h).
-3
Let c = -192 + 200. Let g(q) = -15 + 2 + 2*q + 0*q + 6 + c. Calculate g(2).
5
Let r(u) = 4*u - 10. Let y be (-18 - -11) + (-22)/11. Determine r(y).
-46
Suppose -9*m = -71 + 26. Suppose 4*y - 4*j = -3 - 1, j = -y + m. Let q(u) = -u**3 - u**2 + u + 2. Give q(y).
-8
Let a = 76 - 82. Let r(h) = 6*h**2 + 3*h + 10. Suppose 2*b = -2*b + 20. Let p(m) = -7*m**2 - 2*m - 11. Let i(o) = b*p(o) + 6*r(o). What is i(a)?
-7
Let g = -16305 - -16312. Let d(q) = -11*q**2 + 73*q + 12. Determin